of 7/2*g**2 + 3 + 2*g - 1/3*g**3. Let i be d(7). Calculate the highest common divisor of 12 and i.
2
Suppose 0 = -i - i + 28. Suppose 2*f - 2*c = 27 + 7, 3*f - 54 = 2*c. Let d = f - i. Calculate the greatest common divisor of 4 and d.
2
Suppose -4*c + 84 = -0*c. Let x be 136/10 - (-2)/5. Calculate the highest common divisor of c and x.
7
Let f(v) = v + 2. Let n be f(0). Suppose 0 = -n*u + 105 - 17. Let j = 20 - 9. What is the highest common factor of u and j?
11
Let x be (-3 - 75/(-3))/1. Calculate the highest common factor of x and 44.
22
Suppose 3 = r - 2*r. Let t be 3 + 3/(r + 4). Let a be 1 + (-28)/t*-3. What is the greatest common factor of 3 and a?
3
Let j be (-1)/1 + (0 - -17). Let a be (-8)/(-3)*36/j. What is the highest common factor of a and 42?
6
Let o be (-922)/(-6) - (-1)/3. Let n = 59 - 37. Calculate the greatest common divisor of o and n.
22
Let l be (2 + -1)/((-14)/(-1190)). Let h = l + -61. What is the highest common divisor of h and 8?
8
Let g = 3 + 0. Suppose -g*v + 6 = -0*v. Let b be 0/(-2) + 33 + v. What is the highest common factor of 14 and b?
7
Suppose 4*i - 4 = 12. Let n be ((-8)/i)/(2/(-30)). What is the greatest common factor of n and 10?
10
Suppose -w - 89 = -3*p - 17, -p = -w - 24. Suppose 4*i = -2*f + 384, -5*f + 879 + 81 = -2*i. Calculate the greatest common divisor of f and p.
24
Let s be 6*4/(-8) - (-57 - 0). Suppose -34 = 2*h - 196. What is the greatest common factor of s and h?
27
Suppose -25 = -b + 20. What is the greatest common factor of 9 and b?
9
Suppose 8*l - 5 = 19. Calculate the highest common factor of l and 2.
1
Let p be (-2)/(-6) - 8/(-3). Let g be -4*p/(-6) - -6. Let b be 60*(g/3 - 2). Calculate the highest common factor of b and 4.
4
Suppose -5 + 263 = 4*k - 2*f, -12 = 4*f. Let i(w) = -8*w + 33. Let h be i(3). What is the greatest common divisor of k and h?
9
Let h(t) be the second derivative of -14*t**3/3 - 5*t**2/2 + 5*t. Let n be h(-5). Let p = 1 - -14. What is the highest common factor of p and n?
15
Let t = 5 - 1. Suppose 3*s + 7 = t*s. What is the highest common divisor of 21 and s?
7
Let z be (-6)/(-15)*(-2 + 7). Let l(b) = b**2 - 2*b + 3. Let d be l(z). What is the highest common divisor of d and 15?
3
Let a be 112 + (-2)/(-4)*-2. Let p be a/4 - (-2)/8. What is the highest common divisor of 7 and p?
7
Let d(i) = i**2 + 3*i. Let f be d(-4). Let h = 2 - 6. Let g = 20 + h. Calculate the highest common divisor of f and g.
4
Suppose 3*x + 11 = 2. Let v be (-12)/9*x + -2. What is the greatest common divisor of 14 and v?
2
Suppose 0 = -10*t + 7*t + 54. Calculate the greatest common divisor of t and 45.
9
Let t = -1 + -9. Let x be t/(-3)*36/4. Let v(y) = y**3 - 3*y**2 - 2*y + 2. Let h be v(4). Calculate the greatest common factor of x and h.
10
Let k(w) = -w + 13. Let d be k(0). Suppose d = 2*q - 199. Suppose 0 = 4*n - q + 22. Calculate the highest common divisor of 7 and n.
7
Suppose -z + 244 = 4*l + 24, -12 = 3*z. Calculate the greatest common factor of l and 140.
28
Suppose 11*m - 6*m - 925 = 0. Suppose 4*y + 2*u = y + m, -2*y + 110 = 4*u. Calculate the greatest common factor of 13 and y.
13
Suppose q = 3*m - 11 + 29, -2*q - 2*m = -20. Suppose d + 3*a = 14, -a + 3*a + 4 = 0. Let t = d - q. What is the greatest common factor of 8 and t?
8
Let y(x) = -3*x**3 + x**2. Let o be y(-1). Calculate the greatest common divisor of o and 2.
2
Suppose -4*f - q + 35 = -4*q, -4*q - 45 = -5*f. Calculate the highest common divisor of 25 and f.
5
Suppose -4*m = m - 55. Let l = m - 7. Calculate the greatest common factor of l and 16.
4
Suppose 3*m - 23 = -2*c + c, -m - 19 = -5*c. Let g = m + -3. Let b be (-2)/(-6) + 242/g. What is the greatest common factor of b and 9?
9
Suppose 153 = 2*k - 49. Suppose w = 3*q - k, -4*q + 249 = 2*w + 101. What is the highest common factor of 5 and q?
5
Let q be (-10)/4*12*4/(-6). Calculate the highest common factor of q and 10.
10
Let g be (-120)/(-32)*(-696)/(-9). Calculate the highest common divisor of 10 and g.
10
Suppose 3*y - y - 10 = 0. Suppose 3*n - 2*k = y - 0, -2*n + 4*k = 2. Suppose 3*r + 42 = 2*p, -3*r + 4*r = -4. What is the greatest common divisor of p and n?
3
Let w be 21/(-1 + 0/(-2)). Let h = -13 - w. Suppose 4*a - 8 = 0, 0 = -l - 2*a + 6 + h. What is the highest common divisor of l and 10?
10
Let s(a) = -a + 8. Let u be s(4). Calculate the highest common divisor of 20 and u.
4
Let c = 93 + -36. Suppose -3*d + 3*k + c = -9, -4*k = 3*d - 52. What is the highest common factor of d and 10?
10
Let p = 4 + -5. Let n be (-8)/(p*4/20). Let i = -3 - -13. What is the highest common divisor of i and n?
10
Suppose -u + 5*u = 72. Suppose 3*a - 126 = -3*q, -a = -q + 3*q - 87. Calculate the greatest common divisor of u and q.
9
Suppose 0 = i + 5*p - 2, -6*p - 10 = -p. What is the highest common divisor of i and 3?
3
Suppose -8 = -4*b, -5*b + 4 = -m - 2. Suppose m*o - p = 21, 0 = 2*o - 3*p + 8*p - 27. What is the greatest common factor of 6 and o?
6
Let q be (-144)/(-6) + (-2)/(-2). Suppose 5*z + 5 = -4*v, -6*z + z = -2*v + 35. What is the highest common factor of q and v?
5
Suppose 0*j - d = 3*j - 282, -2*d = -3*j + 273. What is the greatest common divisor of 62 and j?
31
Suppose 4*g - 3*g - 5 = 0. Suppose g*f + 5*o = -15, -3*f + 5*o + 2 + 29 = 0. Calculate the greatest common factor of f and 18.
2
Let n be 0 - 2 - (27 + 0). Let x = n - -183. What is the highest common factor of x and 14?
14
Let d(g) = g**3 - 10*g**2 + 12*g + 7. Let b be d(11). What is the highest common divisor of b and 20?
20
Let m(c) = -2*c. Let b be m(-5). What is the highest common factor of 30 and b?
10
Let q(w) = w**2 - 4*w - 5. Let r = 6 - 1. Let d be q(r). Suppose -5*j + 202 + 248 = d. Calculate the greatest common factor of 10 and j.
10
Let z = 68 - 60. What is the greatest common factor of 32 and z?
8
Suppose -10 = -2*s, -z - 7*s = -4*s - 18. What is the highest common divisor of z and 12?
3
Let r be ((-3)/5)/(1/(-10)). Let p(a) = a**2 + a - 6. Let q be p(-5). Let t = q - r. What is the greatest common factor of 8 and t?
8
Suppose 0 = 7*y - 5*y + 2. Let z = 17 + y. Calculate the greatest common factor of 40 and z.
8
Let h(s) = -s**3 - s**2 - 3. Let r be h(-3). What is the greatest common factor of 105 and r?
15
Let g(b) = -2*b**2 + 2*b - 1. Let i(x) = x**2 - x. Let o(z) = g(z) + i(z). Let r be o(-2). Let m = -4 - r. What is the highest common factor of 3 and m?
3
Let d = 29 - 17. Calculate the highest common factor of d and 60.
12
Suppose d = -23 + 283. Let h = -84 + d. What is the highest common factor of 22 and h?
22
Let t be (-4)/(-3) + (-4 - 312/(-9)). Calculate the highest common divisor of 8 and t.
8
Suppose 8*a - 405 = 3*a. What is the greatest common divisor of 9 and a?
9
Let b = -33 - -53. Let k = 199 + -149. Calculate the highest common divisor of k and b.
10
Suppose 2*k + 12 = 5*t - 11, -k - 5*t - 4 = 0. Let p be 4 + (-6)/k*21. What is the highest common divisor of p and 6?
6
Let n(s) = 17*s**3 - 2*s**2 + 1. Let g be n(1). Let v = 37 - g. Calculate the highest common factor of v and 7.
7
Suppose s - 4*f = 3*s - 74, 4*s - 160 = 4*f. Suppose 65 = -p + 6*p. What is the highest common factor of s and p?
13
Let n be 7 + (-4 - 0) - -69. Calculate the highest common divisor of n and 9.
9
Let t be 3/(-9) - 48/(-9). Suppose -t*q + 365 + 90 = 0. Suppose q - 21 = 2*o. What is the greatest common divisor of 5 and o?
5
Suppose -2 = 2*v + 12. Let i(c) be the first derivative of 2*c**3/3 + 9*c**2/2 - 2*c - 1. Let k be i(v). Calculate the highest common factor of 3 and k.
3
Let j be (-56)/(-6) - 4/(-6). Let b be (20/(-6))/(8/(-12)). Suppose -b*n + 25 = 4*u, -4*n = 3*u - 0*n - 18. Calculate the greatest common divisor of j and u.
10
Let n = 3 + 0. Suppose -5*t - y + 28 = 0, 4*t + 0 = n*y + 30. What is the greatest common divisor of t and 2?
2
Let q(m) = m - 7. Let k(t) = -t + 7. Let h(g) = 3*k(g) + 2*q(g). Let i be (1/(-2))/(9/(-108)). Let v be h(i). Calculate the greatest common factor of 5 and v.
1
Suppose -3*y = 4*t - 29, 0 = -2*y + 4*t + t + 27. What is the greatest common factor of y and 99?
11
Suppose 2*d + 0*d = 64. Suppose m + k = 2, -k - d = -2*m + 4*k. Let v = 122 - 68. Calculate the highest common factor of v and m.
6
Suppose -5*j + 85 = -0*j. What is the highest common factor of j and 17?